alculate the highest common divisor of v and 348.
12
Suppose 19*i - 18 = 25*i. Let m(q) = -50*q + 2. Let g be m(i). Calculate the highest common factor of g and 19.
19
Let p(a) = -a**3 + 21*a**2 + 5*a + 10. Let b be p(-6). What is the highest common divisor of b and 1512?
56
Suppose -205*b + 236*b = 403. What is the greatest common divisor of 6331 and b?
13
Suppose 4*x = -0*d - 2*d + 70, 0 = 3*d - 9. Suppose 4760 = x*h + 4*h. Calculate the highest common divisor of h and 14.
14
Let f = 27741 - 20570. Calculate the highest common divisor of f and 202.
101
Suppose -46290 = 118*u - 31013 - 199121. Calculate the highest common factor of u and 76.
38
Let b = 700 - 602. Suppose -15*o = -16*o + 245. Calculate the greatest common factor of b and o.
49
Suppose -3*m - 4*c = -277, 3*m - 36*c + 32*c - 269 = 0. Calculate the greatest common factor of 286 and m.
13
Suppose 5*b - c = -515, -2*b = 5*c - c + 184. Let u = b - -135. What is the highest common divisor of u and 55?
11
Let y = -580 - -593. Suppose 0 = -20*r + 18*r - 4. Let a(d) = -7*d**3 + 3*d**2 + 2*d + 1. Let p be a(r). What is the highest common divisor of p and y?
13
Let m(f) = 562 - 14*f - 498 + 18*f. Let q be m(-8). Let r = 175 + -111. What is the highest common factor of r and q?
32
Let o = 2633 - 2489. What is the highest common factor of o and 208?
16
Let a = 3913 - 3339. What is the highest common divisor of a and 42?
14
Let b = -10326 - -10974. Calculate the greatest common divisor of 120 and b.
24
Let o = 33 + 207. Calculate the highest common divisor of o and 184.
8
Suppose 7*r - 12*r + 2*c + 307 = 0, 3*r - 5*c - 188 = 0. Let k = -340 + 1011. What is the greatest common factor of k and r?
61
Suppose -4*k - 234 = 5*k. Let i = k + 53. Let n = -7 - -52. Calculate the highest common factor of n and i.
9
Let f(u) = 2*u**2 - 3*u + 8. Let j be f(7). Let k = -585 - -594. Let p be 3/(k*(-1)/(-15)). What is the greatest common divisor of j and p?
5
Let w = -434 + 441. Let n be (w - 1) + (3 - -1). What is the greatest common divisor of n and 810?
10
Let h(r) = 6*r - 29. Suppose n + 2*n - 6 = 0. Let m(j) = 5*j - 1. Let d be m(n). Let g be h(d). Calculate the highest common divisor of g and 5.
5
Let k be 4/22 + 6/(-33). Let i = -4 - -8. Suppose 4*d + 4*f - 132 = k, -i*d = -3*d - 2*f - 30. Calculate the highest common divisor of 64 and d.
32
Suppose 0*j + 6*j = 36. Suppose -5*v - 4*n = 140, 0*v + 3*n = -v - 28. Let f be v/(-3) + 8/12. What is the greatest common factor of f and j?
2
Let x = -2847 - -5647. What is the greatest common divisor of x and 25?
25
Suppose 197 = 5*g - 3*l, -7*g + 3*g + 140 = 2*l. Calculate the greatest common factor of 1776 and g.
37
Let q be ((-25)/(-150) - 13/6) + -10. Let z be (6/2)/((10/q)/(-5)). Calculate the greatest common divisor of z and 6.
6
Suppose o - 5 = -2*n + 4*o, -n - 4*o = 25. Let h(z) = 4*z**2 - 5*z + 22. Let j be h(n). Calculate the highest common divisor of j and 63.
21
Suppose 2*p - 26*p + 6*p + 2880 = 0. What is the highest common factor of p and 6320?
80
Let v(i) = 4*i**2 - 14*i - 8 + 2*i + 19*i. Let o be v(-9). Suppose o + 243 = 2*d. What is the greatest common factor of 31 and d?
31
Suppose 2 = -3*x - 2*n + 149, 4*x = 2*n + 168. What is the greatest common factor of 400 and x?
5
Let y(k) = 922*k**2 - 158*k - 25. Let m be y(-5). Calculate the highest common factor of m and 55.
55
Let h = 4542 + -4432. What is the highest common divisor of 1925 and h?
55
Suppose 0 = q - 15*q + 560. Suppose -a + 4 = 3*a, 0 = 2*o + 4*a - q. Calculate the highest common divisor of o and 102.
6
Let h be (10/(-12) + 507/234)*654. Calculate the greatest common divisor of h and 24.
8
Suppose -f = 3*t + f + 4, f + 7 = t. Let o be (-15)/(-2)*(30/(-25) + t). Calculate the greatest common factor of o and 3.
3
Suppose 108*x - 53*x + 142*x - 290378 = 0. What is the highest common divisor of 44 and x?
22
Suppose 4*j = -l + 240, 1261*j - 224 = 1257*j - 5*l. What is the greatest common divisor of j and 22875?
61
Suppose 5*w - 3*p - 1027 = -0*p, -w + 5*p + 201 = 0. Suppose -2*m - 68 = -w. What is the highest common divisor of 46 and m?
23
Let s(y) = -y + 2. Let n = 5 + -8. Let a be s(n). Suppose -82*p - 5*k - 40 = -78*p, p + 2*k + 19 = 0. What is the greatest common divisor of a and p?
5
Let u be ((-8)/(-1))/(-2) + 65 + -40 + 35. What is the greatest common factor of u and 1260?
28
Suppose 9*v + 34 = -20. Let u(h) = -h**2 - 14*h - 6. Let d be u(v). What is the greatest common divisor of 14 and d?
14
Suppose 4*x = 8*v - 7*v + 54, v = 2. Let r(d) = 4*d**3 - 56*d**2 + 4*d - 15. Let i be r(x). Calculate the greatest common factor of i and 779.
41
Suppose 8 = 4*v - 2*v. Suppose -v*z = 5*r - 3, 0 = 2*z + 3*r + 2 - 3. Suppose 0 = -3*c - z*c + 420. Calculate the greatest common divisor of 12 and c.
12
Suppose -2286*s + 2126*s = -68640. Suppose 5*g - 8 - 2 = 0. Let v be (-3)/(3/(-78)*g). Calculate the greatest common divisor of s and v.
39
Let t(p) = p**2 + 23*p - 48. Let w be t(-25). Suppose m = w*f - 16, -2*f + 6 = 12*m - 8*m. Calculate the greatest common factor of 49 and f.
7
Let q = -1943 + 2147. What is the highest common factor of q and 264?
12
Let q(d) = -12 + 0*d**3 + d**3 + 3*d**2 + 7*d**2 - 2*d. Suppose 0 = -16*y + 51*y + 280. Let t be q(y). Calculate the greatest common factor of t and 33.
33
Let h(t) = -227*t - 62. Let r be h(-2). Let n(y) = -y**3 - 5*y**2 + 6*y - 7. Let g be n(-7). Calculate the greatest common divisor of r and g.
49
Suppose -5*n - 2*n + 4501 = 0. Let s = n + -382. Calculate the greatest common divisor of s and 58.
29
Suppose -81*y = -438 - 6302 - 2332. What is the highest common divisor of y and 637?
7
Let o be 17/2 + 2/4. Let z = 172 + -165. Suppose 0 = -4*m - a + 25 + 13, -m = -a - z. What is the highest common factor of m and o?
9
Let x be 12 - (-1 + -5)/3. Suppose 441 = -4*c - 847. Let p = c + 392. What is the greatest common divisor of p and x?
14
Let z be 18/((-234)/(-7735)) - 1. Calculate the greatest common divisor of z and 54.
54
Let z = -607 + 165. Let o = z + 466. Calculate the highest common divisor of 72 and o.
24
Let t(o) = -o**3 - 9*o**2 - 2*o - 29. Let n be t(-10). Let s be ((-2)/4)/((-2)/476). Suppose -s = -3*x + n. What is the greatest common factor of x and 10?
10
Let b = -177 - -182. Let t = -3 + b. What is the highest common divisor of 4 and t?
2
Suppose -4 - 2 = -2*i, -2*g - 4*i + 8 = 0. Let w be g*(-11 + 6 + -8). What is the highest common factor of w and 208?
26
Suppose 240 = 2*x - 522. Let y be (1114/4)/(10/20). Let j = y - x. What is the highest common factor of 22 and j?
22
Suppose -5508 = 79*s - 176*s + 79*s. What is the greatest common factor of s and 51?
51
Let r be 4 + (-22)/5 + 62/5. Suppose -10*t + r*t - 2*a - 14 = 0, -4*a = 5*t + 10. What is the greatest common factor of t and 18?
2
Let z(k) = 2*k**2 - k + 4. Let a be z(-4). Suppose 0 = 2*u + s - 19, -u - s + 16 = 2. Calculate the greatest common divisor of a and u.
5
Let a(l) = 47*l**2 + 2*l - 55. Let z be a(-3). Calculate the highest common divisor of 1 and z.
1
Let j be 1 + (-1 - 2 - (-34 + -1)). Let k = 22 + j. What is the greatest common factor of 495 and k?
55
Suppose -24*n = -19*n - 25. Suppose -n*x = -0*o + 3*o - 48, 40 = 5*x - 5*o. Let l be (2 - (2 + 0)) + 72. Calculate the highest common factor of l and x.
9
Let i be -18*(-11 - (-1 - -3)). Suppose -4*v - 127 = -199. Calculate the highest common divisor of i and v.
18
Let o(s) = 44 + 83 - 13*s - 51. Let c be o(0). What is the greatest common divisor of c and 38?
38
Let i = -185 - -450. Suppose 5*y - 2*o - i = 0, -2*o + 285 = y + 4*y. Let n = -424 + 446. Calculate the highest common factor of y and n.
11
Suppose -3*i = -2*l - 55, -6*l + 5*l + 5 = 5*i. Let r be (-7)/((-35)/(-15)) - l. What is the greatest common divisor of r and 493?
17
Let d be (-4)/(-9 - (-420)/48). What is the highest common divisor of d and 1592?
8
Suppose 13*i = 2 + 284. Suppose i*z = 26*z - 48. Calculate the greatest common factor of 54 and z.
6
Suppose -4*m = -5*h - 454, -4*m - h = 3*h - 472. Let b = -14 + m. What is the greatest common factor of b and 51?
51
Let i = -17 - -29. Suppose 4*l = 3*q - 20, -3*q - 2*q + 14 = 3*l. Suppose h - q*f - 8 = 0, 2*h - 13 = -5*f + 3. What is the greatest common divisor of h and i?
4
Suppose -3*p + 4*v = -308,